{"id":16972,"date":"2018-02-21T10:31:18","date_gmt":"2018-02-21T08:31:18","guid":{"rendered":"http:\/\/kompetence.ff.upol.cz\/cile-2\/"},"modified":"2018-04-19T12:33:21","modified_gmt":"2018-04-19T10:33:21","slug":"cele","status":"publish","type":"page","link":"http:\/\/kompetence.ff.upol.cz\/pl\/cele\/","title":{"rendered":"Cele"},"content":{"rendered":"<p>Celem g\u0142\u00f3wnym projektu jest zwi\u0119kszenie kompetencji j\u0119zykowych, a tym samym rozszerzenie j\u0119zykowego portfolio przysz\u0142ych absolwent\u00f3w w celu zwi\u0119kszenia ich szans na zatrudnienie na polsko-czeskim transgranicznym rynku pracy.<\/p>\n<p>Celem projektu jest poprawa sytuacji na rynku pracy poprzez zwi\u0119kszenie fachowych, profesjonalnych kompetencji przysz\u0142ych absolwent\u00f3w, a tym samym obni\u017cenie liczby absolwent\u00f3w bezrobotnych.<\/p>\n<p>Cel ten zostanie zrealizowany poprzez realizacj\u0119 szeregu sp\u00f3jnych, powi\u0105zanych logicznie dzia\u0142a\u0144, przede wszystkim: przygotowanie kompleksowych program\u00f3w dydaktycznych i edukacyjnych (w\u0142\u0105cznie z materia\u0142ami pomocniczymi dla nauczycieli, podr\u0119cznikami, skryptami itp.) w zakresie nauczania j\u0119zyk\u00f3w polskiego i czeskiego jako obcych (dla S\u0142owian) oraz ich dystrybucja na ca\u0142ym obszarze wsparcia z u\u017cyciem nowoczesnych technologii edukacyjnych (e-podr\u0119czniki itd.).<\/p>\n<p>Program edukacyjny b\u0119dzie spe\u0142nia\u0107 wymogi Europejskiego Systemu Opisu Kszta\u0142cenia J\u0119zykowego dla poziom\u00f3w A2, B1 (certifikaty ECL), dzi\u0119ki czemu w spos\u00f3b zasadniczy przyczyni si\u0119 do podniesienia szans na zatrudnienie na rynku pracy, a ponadto b\u0119dzie w spos\u00f3b ujednolicony i wymierny weryfikowa\u0107 umiej\u0119tno\u015bci j\u0119zykowe absolwent\u00f3w.<\/p>\n","protected":false},"excerpt":{"rendered":"<p>Celem g\u0142\u00f3wnym projektu jest zwi\u0119kszenie kompetencji j\u0119zykowych, a tym samym rozszerzenie j\u0119zykowego portfolio przysz\u0142ych absolwent\u00f3w w celu zwi\u0119kszenia ich szans na zatrudnienie na polsko-czeskim transgranicznym rynku pracy. Celem projektu jest poprawa sytuacji na rynku pracy poprzez zwi\u0119kszenie fachowych, profesjonalnych kompetencji przysz\u0142ych absolwent\u00f3w, a tym samym obni\u017cenie liczby absolwent\u00f3w bezrobotnych. Cel ten zostanie zrealizowany poprzez realizacj\u0119&#8230;<\/p>\n","protected":false},"author":1,"featured_media":0,"parent":0,"menu_order":0,"comment_status":"open","ping_status":"closed","template":"","meta":{"footnotes":""},"class_list":["post-16972","page","type-page","status-publish","hentry"],"aioseo_notices":[],"_links":{"self":[{"href":"http:\/\/kompetence.ff.upol.cz\/pl\/wp-json\/wp\/v2\/pages\/16972","targetHints":{"allow":["GET"]}}],"collection":[{"href":"http:\/\/kompetence.ff.upol.cz\/pl\/wp-json\/wp\/v2\/pages"}],"about":[{"href":"http:\/\/kompetence.ff.upol.cz\/pl\/wp-json\/wp\/v2\/types\/page"}],"author":[{"embeddable":true,"href":"http:\/\/kompetence.ff.upol.cz\/pl\/wp-json\/wp\/v2\/users\/1"}],"replies":[{"embeddable":true,"href":"http:\/\/kompetence.ff.upol.cz\/pl\/wp-json\/wp\/v2\/comments?post=16972"}],"version-history":[{"count":2,"href":"http:\/\/kompetence.ff.upol.cz\/pl\/wp-json\/wp\/v2\/pages\/16972\/revisions"}],"predecessor-version":[{"id":17025,"href":"http:\/\/kompetence.ff.upol.cz\/pl\/wp-json\/wp\/v2\/pages\/16972\/revisions\/17025"}],"wp:attachment":[{"href":"http:\/\/kompetence.ff.upol.cz\/pl\/wp-json\/wp\/v2\/media?parent=16972"}],"curies":[{"name":"wp","href":"https:\/\/api.w.org\/{rel}","templated":true}]}}

<p>Celem głównym projektu jest zwiększenie kompetencji językowych, a tym samym rozszerzenie językowego portfolio przyszłych absolwentów w celu zwiększenia ich szans na zatrudnienie na polsko-czeskim transgranicznym rynku pracy.</p>
<p>Celem projektu jest poprawa sytuacji na rynku pracy poprzez zwiększenie fachowych, profesjonalnych kompetencji przyszłych absolwentów, a tym samym obniżenie liczby absolwentów bezrobotnych.</p>
<p>Cel ten zostanie zrealizowany poprzez realizację szeregu spójnych, powiązanych logicznie działań, przede wszystkim: przygotowanie kompleksowych programów dydaktycznych i edukacyjnych (włącznie z materiałami pomocniczymi dla nauczycieli, podręcznikami, skryptami itp.) w zakresie nauczania języków polskiego i czeskiego jako obcych (dla Słowian) oraz ich dystrybucja na całym obszarze wsparcia z użyciem nowoczesnych technologii edukacyjnych (e-podręczniki itd.).</p>
<p>Program edukacyjny będzie spełniać wymogi Europejskiego Systemu Opisu Kształcenia Językowego dla poziomów A2, B1 (certifikaty ECL), dzięki czemu w sposób zasadniczy przyczyni się do podniesienia szans na zatrudnienie na rynku pracy, a ponadto będzie w sposób ujednolicony i wymierny weryfikować umiejętności językowe absolwentów.</p>

<p>Celem głównym projektu jest zwiększenie kompetencji językowych, a tym samym rozszerzenie językowego portfolio przyszłych absolwentów w celu zwiększenia ich szans na zatrudnienie na polsko-czeskim transgranicznym rynku pracy. Celem projektu jest poprawa sytuacji na rynku pracy poprzez zwiększenie fachowych, profesjonalnych kompetencji przyszłych absolwentów, a tym samym obniżenie liczby absolwentów bezrobotnych. Cel ten zostanie zrealizowany poprzez realizację&#8230;</p>
